{"id":21,"date":"2012-01-01T19:52:08","date_gmt":"2012-01-01T19:52:08","guid":{"rendered":"http:\/\/bakh.de\/wdp\/?page_id=21"},"modified":"2025-12-12T14:01:29","modified_gmt":"2025-12-12T13:01:29","slug":"neigungsgruppen","status":"publish","type":"page","link":"https:\/\/bakh.de\/wdp\/neigungsgruppen\/","title":{"rendered":"Neigungsgruppen"},"content":{"rendered":"\n<ul class=\"wp-block-list\">\n<li><a href=\"http:\/\/bakh.de\/wdp\/?page_id=1120\"><strong>Spiel-, Schw\u00e4tz- und Bastelgruppe<\/strong><\/a><br>14-t\u00e4gig Dienstags, 20:00 Uhr<br><a href=\"https:\/\/bakh.de\/wdp\/verein\/korber-hohe-treff\/\">Korber-H\u00f6he-Treff<\/a><br>Monika Franjic, Berta-von-Suttner-Weg 3, Tel. 92 02 43<\/li>\n<\/ul>\n\n\n\n<ul class=\"wp-block-list\">\n<li><a href=\"http:\/\/bakh.de\/wdp\/?page_id=400\"><strong>Fotogruppe<\/strong><\/a><br>am letzten Mittwoch im Monat, 20:00 Uhr<br><a href=\"https:\/\/bakh.de\/wdp\/verein\/korber-hohe-treff\/\">Korber-H\u00f6he-Treff<\/a><br>G\u00fcnter Schmidt, Wildtaubenweg 60, Tel 2 24 62<\/li>\n<\/ul>\n\n\n\n<ul class=\"wp-block-list\">\n<li><strong>Hobbykicker \u2013 Fu\u00dfball<\/strong><br>mittwochs, 20:30 Uhr<br><a href=\"https:\/\/www.waiblingen.de\/de\/Die-Stadt\/Leben-in-Waiblingen\/Sport\/Sport-und-Freizeiteinrichtung?view=publish&amp;item=leisureFacility&amp;id=56\" target=\"_blank\" rel=\"noreferrer noopener\">Neue Salier-Sporthalle<\/a><\/li>\n<\/ul>\n\n\n\n<ul class=\"wp-block-list\">\n<li><strong>Internationale Familiengruppe<\/strong><br>freitags, 17:00 Uhr<br><a href=\"https:\/\/bakh.de\/wdp\/verein\/korber-hohe-treff\/\">Korber-H\u00f6he-Treff<\/a><br>Sabahat Almis, Beinsteiner Str. 19, Tel. 2 09 93 99<\/li>\n<\/ul>\n\n\n\n<ul class=\"wp-block-list\">\n<li><\/li>\n<\/ul>\n\n\n\n<ul class=\"wp-block-list\">\n<li><strong><a href=\"https:\/\/bakh.de\/wdp\/neigungsgruppen\/malen-und-zeichnen\/\">Malen und Zeichnen<\/a><\/strong><br>mittwochs, 18:00 &#8211; 20:00 Uhr<br><a href=\"https:\/\/bakh.de\/wdp\/verein\/korber-hohe-treff\/\">Korber-H\u00f6he-Treff<\/a><br>G\u00fcnter Garbocz, Salierstr. 1\/4, Tel 2 34 89<br><br><\/li>\n\n\n\n<li><strong>Spieletreff<\/strong><br>jeden 3. Dienstag im Monat<br><a href=\"https:\/\/bakh.de\/wdp\/verein\/korber-hohe-treff\/\">Korber-H\u00f6he-Treff<\/a><br>Bettina Riess, Tel. 2 41 75<br><br><\/li>\n\n\n\n<li><a href=\"http:\/\/bakh.de\/wdp\/?page_id=185\"><strong>Sportabzeichen<\/strong><\/a><br>Mai bis September:  Dienstags, 17:30 Uhr<br><a href=\"https:\/\/www.waiblingen.de\/de\/Die-Stadt\/Leben-in-Waiblingen\/Sport\/Sport-und-Freizeiteinrichtung?view=publish&amp;item=leisureFacility&amp;id=70https:\/\/www.waiblingen.de\/de\/Die-Stadt\/Leben-in-Waiblingen\/Sport\/Sport-und-Freizeiteinrichtung?view=publish&amp;item=leisureFacility&amp;id=57\" target=\"_blank\" rel=\"noreferrer noopener\">Alte Salier-Sporthalle<\/a> <br>Oktober bis April:    Dienstags, 19:00 Uhr<br>Sportplatz hinter der Salier-Sporthalle<br>Silke Stepput, Salierstr. 30, Tel 2 41 75<\/li>\n<\/ul>\n\n\n\n<ul class=\"wp-block-list\">\n<li><a href=\"http:\/\/bakh.de\/wdp\/?page_id=93\"><strong>Tischtennis<\/strong><\/a><br>donnerstags, 19:30 Uhr<br><a href=\"https:\/\/www.waiblingen.de\/de\/Die-Stadt\/Leben-in-Waiblingen\/Sport\/Sport-und-Freizeiteinrichtung?view=publish&amp;item=leisureFacility&amp;id=70https:\/\/www.waiblingen.de\/de\/Die-Stadt\/Leben-in-Waiblingen\/Sport\/Sport-und-Freizeiteinrichtung?view=publish&amp;item=leisureFacility&amp;id=57\" target=\"_blank\" rel=\"noreferrer noopener\">Alte Salier-Sporthalle<\/a><br>Ulrich Bayha, Stauferstr. 36, Tel. 2 12 65<\/li>\n<\/ul>\n\n\n\n<ul class=\"wp-block-list\">\n<li><a href=\"http:\/\/bakh.de\/wdp\/?page_id=1015\"><strong>Wandergruppe<\/strong><\/a><br>Zweiter Sonntag im Monat (ganztags); Nach Bekanntgabe<br>Treffpunkt <a href=\"https:\/\/bakh.de\/wdp\/stadtteilinfos\/mikrozentrum\/\">Mikrozentrum<\/a><br>Sigrid Haller, sigrid.haller@web.de, Tel. 2 24 64<br>Vertretung: Renate Czurda, rczurda@t-online.de, 2 35 00<\/li>\n<\/ul>\n\n\n\n<p><\/p>\n","protected":false},"excerpt":{"rendered":"","protected":false},"author":3,"featured_media":0,"parent":0,"menu_order":0,"comment_status":"closed","ping_status":"closed","template":"","meta":{"ngg_post_thumbnail":0,"_mc_calendar":[],"footnotes":""},"class_list":["post-21","page","type-page","status-publish","hentry"],"yoast_head":"<!-- This site is optimized with the Yoast SEO plugin v27.3 - https:\/\/yoast.com\/product\/yoast-seo-wordpress\/ -->\n<title>Neigungsgruppen - B\u00fcrgeraktion Korber H\u00f6he e. V.<\/title>\n<meta name=\"description\" content=\"Tischtennis, Sportabzeichen, Wandern, Fotografieren ... , Die B\u00fcrgeraktion Korber H\u00f6he e. V. bietet zahlreiche Aktivit\u00e4ten in Waiblingen.\" \/>\n<meta name=\"robots\" content=\"index, follow, max-snippet:-1, max-image-preview:large, max-video-preview:-1\" \/>\n<link rel=\"canonical\" href=\"https:\/\/bakh.de\/wdp\/neigungsgruppen\/\" \/>\n<meta property=\"og:locale\" content=\"de_DE\" \/>\n<meta property=\"og:type\" content=\"article\" \/>\n<meta property=\"og:title\" content=\"Neigungsgruppen - B\u00fcrgeraktion Korber H\u00f6he e. V.\" \/>\n<meta property=\"og:description\" content=\"Tischtennis, Sportabzeichen, Wandern, Fotografieren ... , Die B\u00fcrgeraktion Korber H\u00f6he e. V. bietet zahlreiche Aktivit\u00e4ten in Waiblingen.\" \/>\n<meta property=\"og:url\" content=\"https:\/\/bakh.de\/wdp\/neigungsgruppen\/\" \/>\n<meta property=\"og:site_name\" content=\"B\u00fcrgeraktion Korber H\u00f6he e. V.\" \/>\n<meta property=\"article:modified_time\" content=\"2025-12-12T13:01:29+00:00\" \/>\n<meta property=\"og:image\" content=\"https:\/\/bakh.de\/wdp\/wp-content\/uploads\/2025\/11\/BAKH_Logo_4c_512.jpg\" \/>\n\t<meta property=\"og:image:width\" content=\"516\" \/>\n\t<meta property=\"og:image:height\" content=\"518\" \/>\n\t<meta property=\"og:image:type\" content=\"image\/jpeg\" \/>\n<meta name=\"twitter:card\" content=\"summary_large_image\" \/>\n<meta name=\"twitter:label1\" content=\"Gesch\u00e4tzte Lesezeit\" \/>\n\t<meta name=\"twitter:data1\" content=\"1\u00a0Minute\" \/>\n<script type=\"application\/ld+json\" class=\"yoast-schema-graph\">{\"@context\":\"https:\\\/\\\/schema.org\",\"@graph\":[{\"@type\":\"WebPage\",\"@id\":\"https:\\\/\\\/bakh.de\\\/wdp\\\/neigungsgruppen\\\/\",\"url\":\"https:\\\/\\\/bakh.de\\\/wdp\\\/neigungsgruppen\\\/\",\"name\":\"Neigungsgruppen - B\u00fcrgeraktion Korber H\u00f6he e. V.\",\"isPartOf\":{\"@id\":\"https:\\\/\\\/bakh.de\\\/wdp\\\/#website\"},\"datePublished\":\"2012-01-01T19:52:08+00:00\",\"dateModified\":\"2025-12-12T13:01:29+00:00\",\"description\":\"Tischtennis, Sportabzeichen, Wandern, Fotografieren ... , Die B\u00fcrgeraktion Korber H\u00f6he e. V. bietet zahlreiche Aktivit\u00e4ten in Waiblingen.\",\"breadcrumb\":{\"@id\":\"https:\\\/\\\/bakh.de\\\/wdp\\\/neigungsgruppen\\\/#breadcrumb\"},\"inLanguage\":\"de\",\"potentialAction\":[{\"@type\":\"ReadAction\",\"target\":[\"https:\\\/\\\/bakh.de\\\/wdp\\\/neigungsgruppen\\\/\"]}]},{\"@type\":\"BreadcrumbList\",\"@id\":\"https:\\\/\\\/bakh.de\\\/wdp\\\/neigungsgruppen\\\/#breadcrumb\",\"itemListElement\":[{\"@type\":\"ListItem\",\"position\":1,\"name\":\"Startseite\",\"item\":\"https:\\\/\\\/bakh.de\\\/wdp\\\/\"},{\"@type\":\"ListItem\",\"position\":2,\"name\":\"Neigungsgruppen\"}]},{\"@type\":\"WebSite\",\"@id\":\"https:\\\/\\\/bakh.de\\\/wdp\\\/#website\",\"url\":\"https:\\\/\\\/bakh.de\\\/wdp\\\/\",\"name\":\"B\u00fcrgeraktion Korber H\u00f6he e. V.\",\"description\":\"\",\"publisher\":{\"@id\":\"https:\\\/\\\/bakh.de\\\/wdp\\\/#organization\"},\"potentialAction\":[{\"@type\":\"SearchAction\",\"target\":{\"@type\":\"EntryPoint\",\"urlTemplate\":\"https:\\\/\\\/bakh.de\\\/wdp\\\/?s={search_term_string}\"},\"query-input\":{\"@type\":\"PropertyValueSpecification\",\"valueRequired\":true,\"valueName\":\"search_term_string\"}}],\"inLanguage\":\"de\"},{\"@type\":\"Organization\",\"@id\":\"https:\\\/\\\/bakh.de\\\/wdp\\\/#organization\",\"name\":\"B\u00fcrgeraktion Korber H\u00f6he e. V.\",\"url\":\"https:\\\/\\\/bakh.de\\\/wdp\\\/\",\"logo\":{\"@type\":\"ImageObject\",\"inLanguage\":\"de\",\"@id\":\"https:\\\/\\\/bakh.de\\\/wdp\\\/#\\\/schema\\\/logo\\\/image\\\/\",\"url\":\"https:\\\/\\\/bakh.de\\\/wdp\\\/wp-content\\\/uploads\\\/2025\\\/11\\\/BAKH_Logo_4c_512.jpg\",\"contentUrl\":\"https:\\\/\\\/bakh.de\\\/wdp\\\/wp-content\\\/uploads\\\/2025\\\/11\\\/BAKH_Logo_4c_512.jpg\",\"width\":516,\"height\":518,\"caption\":\"B\u00fcrgeraktion Korber H\u00f6he e. V.\"},\"image\":{\"@id\":\"https:\\\/\\\/bakh.de\\\/wdp\\\/#\\\/schema\\\/logo\\\/image\\\/\"}}]}<\/script>\n<!-- \/ Yoast SEO plugin. -->","yoast_head_json":{"title":"Neigungsgruppen - B\u00fcrgeraktion Korber H\u00f6he e. V.","description":"Tischtennis, Sportabzeichen, Wandern, Fotografieren ... , Die B\u00fcrgeraktion Korber H\u00f6he e. V. bietet zahlreiche Aktivit\u00e4ten in Waiblingen.","robots":{"index":"index","follow":"follow","max-snippet":"max-snippet:-1","max-image-preview":"max-image-preview:large","max-video-preview":"max-video-preview:-1"},"canonical":"https:\/\/bakh.de\/wdp\/neigungsgruppen\/","og_locale":"de_DE","og_type":"article","og_title":"Neigungsgruppen - B\u00fcrgeraktion Korber H\u00f6he e. V.","og_description":"Tischtennis, Sportabzeichen, Wandern, Fotografieren ... , Die B\u00fcrgeraktion Korber H\u00f6he e. V. bietet zahlreiche Aktivit\u00e4ten in Waiblingen.","og_url":"https:\/\/bakh.de\/wdp\/neigungsgruppen\/","og_site_name":"B\u00fcrgeraktion Korber H\u00f6he e. V.","article_modified_time":"2025-12-12T13:01:29+00:00","og_image":[{"width":516,"height":518,"url":"https:\/\/bakh.de\/wdp\/wp-content\/uploads\/2025\/11\/BAKH_Logo_4c_512.jpg","type":"image\/jpeg"}],"twitter_card":"summary_large_image","twitter_misc":{"Gesch\u00e4tzte Lesezeit":"1\u00a0Minute"},"schema":{"@context":"https:\/\/schema.org","@graph":[{"@type":"WebPage","@id":"https:\/\/bakh.de\/wdp\/neigungsgruppen\/","url":"https:\/\/bakh.de\/wdp\/neigungsgruppen\/","name":"Neigungsgruppen - B\u00fcrgeraktion Korber H\u00f6he e. V.","isPartOf":{"@id":"https:\/\/bakh.de\/wdp\/#website"},"datePublished":"2012-01-01T19:52:08+00:00","dateModified":"2025-12-12T13:01:29+00:00","description":"Tischtennis, Sportabzeichen, Wandern, Fotografieren ... , Die B\u00fcrgeraktion Korber H\u00f6he e. V. bietet zahlreiche Aktivit\u00e4ten in Waiblingen.","breadcrumb":{"@id":"https:\/\/bakh.de\/wdp\/neigungsgruppen\/#breadcrumb"},"inLanguage":"de","potentialAction":[{"@type":"ReadAction","target":["https:\/\/bakh.de\/wdp\/neigungsgruppen\/"]}]},{"@type":"BreadcrumbList","@id":"https:\/\/bakh.de\/wdp\/neigungsgruppen\/#breadcrumb","itemListElement":[{"@type":"ListItem","position":1,"name":"Startseite","item":"https:\/\/bakh.de\/wdp\/"},{"@type":"ListItem","position":2,"name":"Neigungsgruppen"}]},{"@type":"WebSite","@id":"https:\/\/bakh.de\/wdp\/#website","url":"https:\/\/bakh.de\/wdp\/","name":"B\u00fcrgeraktion Korber H\u00f6he e. V.","description":"","publisher":{"@id":"https:\/\/bakh.de\/wdp\/#organization"},"potentialAction":[{"@type":"SearchAction","target":{"@type":"EntryPoint","urlTemplate":"https:\/\/bakh.de\/wdp\/?s={search_term_string}"},"query-input":{"@type":"PropertyValueSpecification","valueRequired":true,"valueName":"search_term_string"}}],"inLanguage":"de"},{"@type":"Organization","@id":"https:\/\/bakh.de\/wdp\/#organization","name":"B\u00fcrgeraktion Korber H\u00f6he e. V.","url":"https:\/\/bakh.de\/wdp\/","logo":{"@type":"ImageObject","inLanguage":"de","@id":"https:\/\/bakh.de\/wdp\/#\/schema\/logo\/image\/","url":"https:\/\/bakh.de\/wdp\/wp-content\/uploads\/2025\/11\/BAKH_Logo_4c_512.jpg","contentUrl":"https:\/\/bakh.de\/wdp\/wp-content\/uploads\/2025\/11\/BAKH_Logo_4c_512.jpg","width":516,"height":518,"caption":"B\u00fcrgeraktion Korber H\u00f6he e. V."},"image":{"@id":"https:\/\/bakh.de\/wdp\/#\/schema\/logo\/image\/"}}]}},"_links":{"self":[{"href":"https:\/\/bakh.de\/wdp\/wp-json\/wp\/v2\/pages\/21","targetHints":{"allow":["GET"]}}],"collection":[{"href":"https:\/\/bakh.de\/wdp\/wp-json\/wp\/v2\/pages"}],"about":[{"href":"https:\/\/bakh.de\/wdp\/wp-json\/wp\/v2\/types\/page"}],"author":[{"embeddable":true,"href":"https:\/\/bakh.de\/wdp\/wp-json\/wp\/v2\/users\/3"}],"replies":[{"embeddable":true,"href":"https:\/\/bakh.de\/wdp\/wp-json\/wp\/v2\/comments?post=21"}],"version-history":[{"count":42,"href":"https:\/\/bakh.de\/wdp\/wp-json\/wp\/v2\/pages\/21\/revisions"}],"predecessor-version":[{"id":7457,"href":"https:\/\/bakh.de\/wdp\/wp-json\/wp\/v2\/pages\/21\/revisions\/7457"}],"wp:attachment":[{"href":"https:\/\/bakh.de\/wdp\/wp-json\/wp\/v2\/media?parent=21"}],"curies":[{"name":"wp","href":"https:\/\/api.w.org\/{rel}","templated":true}]}}