{"version":"1.0","provider_name":"B\u00fcrgeraktion Korber H\u00f6he e. V.","provider_url":"https:\/\/bakh.de\/wdp","author_name":"Uli","author_url":"https:\/\/bakh.de\/wdp\/author\/uli\/","title":"Jugendfarm wird geplant - B\u00fcrgeraktion Korber H\u00f6he e. V.","type":"rich","width":600,"height":338,"html":"<blockquote class=\"wp-embedded-content\" data-secret=\"lO93tGMwuG\"><a href=\"https:\/\/bakh.de\/wdp\/jugendfarm-wird-geplant\/\">Jugendfarm wird geplant<\/a><\/blockquote><iframe sandbox=\"allow-scripts\" security=\"restricted\" src=\"https:\/\/bakh.de\/wdp\/jugendfarm-wird-geplant\/embed\/#?secret=lO93tGMwuG\" width=\"600\" height=\"338\" title=\"&#8222;Jugendfarm wird geplant&#8220; &#8211; B\u00fcrgeraktion Korber H\u00f6he e. V.\" data-secret=\"lO93tGMwuG\" frameborder=\"0\" marginwidth=\"0\" marginheight=\"0\" scrolling=\"no\" class=\"wp-embedded-content\"><\/iframe><script type=\"text\/javascript\">\n\/* <![CDATA[ *\/\n\/*! This file is auto-generated *\/\n!function(d,l){\"use strict\";l.querySelector&&d.addEventListener&&\"undefined\"!=typeof URL&&(d.wp=d.wp||{},d.wp.receiveEmbedMessage||(d.wp.receiveEmbedMessage=function(e){var t=e.data;if((t||t.secret||t.message||t.value)&&!\/[^a-zA-Z0-9]\/.test(t.secret)){for(var s,r,n,a=l.querySelectorAll('iframe[data-secret=\"'+t.secret+'\"]'),o=l.querySelectorAll('blockquote[data-secret=\"'+t.secret+'\"]'),c=new RegExp(\"^https?:$\",\"i\"),i=0;i<o.length;i++)o[i].style.display=\"none\";for(i=0;i<a.length;i++)s=a[i],e.source===s.contentWindow&&(s.removeAttribute(\"style\"),\"height\"===t.message?(1e3<(r=parseInt(t.value,10))?r=1e3:~~r<200&&(r=200),s.height=r):\"link\"===t.message&&(r=new URL(s.getAttribute(\"src\")),n=new URL(t.value),c.test(n.protocol))&&n.host===r.host&&l.activeElement===s&&(d.top.location.href=t.value))}},d.addEventListener(\"message\",d.wp.receiveEmbedMessage,!1),l.addEventListener(\"DOMContentLoaded\",function(){for(var e,t,s=l.querySelectorAll(\"iframe.wp-embedded-content\"),r=0;r<s.length;r++)(t=(e=s[r]).getAttribute(\"data-secret\"))||(t=Math.random().toString(36).substring(2,12),e.src+=\"#?secret=\"+t,e.setAttribute(\"data-secret\",t)),e.contentWindow.postMessage({message:\"ready\",secret:t},\"*\")},!1)))}(window,document);\n\/\/# sourceURL=https:\/\/bakh.de\/wdp\/wp-includes\/js\/wp-embed.min.js\n\/* ]]> *\/\n<\/script>\n","description":"Am Freitag 5.7. trafen sich Vertreter der verschiedenen Interessengruppen f\u00fcr eine Jugendfarm am Finkenberg (B\u00fcrgeraktion Korber H\u00f6he, Weideprojekt Finkenberg, Tierschutzverein Waiblingen, Verein Jugendfarm, Vertretung der Stadt Waiblingen, Gut Aiderbichl). Nachdem der Ausschuss f\u00fcr Bildung, Soziales und Verwaltung den Beschluss gefasst hatte die geplante Jugendfarm auf dem Finkenberg einzurichten, wurden die Vorstellungen und W\u00fcnsche der einzelnen [&hellip;]","thumbnail_url":"http:\/\/bakh.de\/wdp\/wp-content\/uploads\/2013\/08\/k-2013-07-Jugendfarmsitzg-05--300x225.jpg"}

Bürgeraktion Korber Höhe e. V.

Jugendfarm wird geplant - Bürgeraktion Korber Höhe e. V.

<blockquote class="wp-embedded-content" data-secret="lO93tGMwuG"><a href="https://bakh.de/wdp/jugendfarm-wird-geplant/">Jugendfarm wird geplant</a></blockquote><iframe sandbox="allow-scripts" security="restricted" src="https://bakh.de/wdp/jugendfarm-wird-geplant/embed/#?secret=lO93tGMwuG" width="600" height="338" title="&#8222;Jugendfarm wird geplant&#8220; &#8211; Bürgeraktion Korber Höhe e. V." data-secret="lO93tGMwuG" frameborder="0" marginwidth="0" marginheight="0" scrolling="no" class="wp-embedded-content"></iframe><script type="text/javascript">
/* <![CDATA[ */
/*! This file is auto-generated */
!function(d,l){"use strict";l.querySelector&&d.addEventListener&&"undefined"!=typeof URL&&(d.wp=d.wp||{},d.wp.receiveEmbedMessage||(d.wp.receiveEmbedMessage=function(e){var t=e.data;if((t||t.secret||t.message||t.value)&&!/[^a-zA-Z0-9]/.test(t.secret)){for(var s,r,n,a=l.querySelectorAll('iframe[data-secret="'+t.secret+'"]'),o=l.querySelectorAll('blockquote[data-secret="'+t.secret+'"]'),c=new RegExp("^https?:$","i"),i=0;i<o.length;i++)o[i].style.display="none";for(i=0;i<a.length;i++)s=a[i],e.source===s.contentWindow&&(s.removeAttribute("style"),"height"===t.message?(1e3<(r=parseInt(t.value,10))?r=1e3:~~r<200&&(r=200),s.height=r):"link"===t.message&&(r=new URL(s.getAttribute("src")),n=new URL(t.value),c.test(n.protocol))&&n.host===r.host&&l.activeElement===s&&(d.top.location.href=t.value))}},d.addEventListener("message",d.wp.receiveEmbedMessage,!1),l.addEventListener("DOMContentLoaded",function(){for(var e,t,s=l.querySelectorAll("iframe.wp-embedded-content"),r=0;r<s.length;r++)(t=(e=s[r]).getAttribute("data-secret"))||(t=Math.random().toString(36).substring(2,12),e.src+="#?secret="+t,e.setAttribute("data-secret",t)),e.contentWindow.postMessage({message:"ready",secret:t},"*")},!1)))}(window,document);
//# sourceURL=https://bakh.de/wdp/wp-includes/js/wp-embed.min.js
/* ]]> */
</script>

Am Freitag 5.7. trafen sich Vertreter der verschiedenen Interessengruppen für eine Jugendfarm am Finkenberg (Bürgeraktion Korber Höhe, Weideprojekt Finkenberg, Tierschutzverein Waiblingen, Verein Jugendfarm, Vertretung der Stadt Waiblingen, Gut Aiderbichl). Nachdem der Ausschuss für Bildung, Soziales und Verwaltung den Beschluss gefasst hatte die geplante Jugendfarm auf dem Finkenberg einzurichten, wurden die Vorstellungen und Wünsche der einzelnen [&hellip;]
