{"version":"1.0","provider_name":"B\u00fcrgeraktion Korber H\u00f6he e. V.","provider_url":"https:\/\/bakh.de\/wdp","author_name":"Uli","author_url":"https:\/\/bakh.de\/wdp\/author\/uli\/","title":"Hochhaus-Turm als neues Markenzeichen der Korber H\u00f6he II vorgestellt - B\u00fcrgeraktion Korber H\u00f6he e. V.","type":"rich","width":600,"height":338,"html":"<blockquote class=\"wp-embedded-content\" data-secret=\"Otcapzbh9L\"><a href=\"https:\/\/bakh.de\/wdp\/gruener-daumen\/\">Hochhaus-Turm als neues Markenzeichen der Korber H\u00f6he II vorgestellt<\/a><\/blockquote><iframe sandbox=\"allow-scripts\" security=\"restricted\" src=\"https:\/\/bakh.de\/wdp\/gruener-daumen\/embed\/#?secret=Otcapzbh9L\" width=\"600\" height=\"338\" title=\"&#8222;Hochhaus-Turm als neues Markenzeichen der Korber H\u00f6he II vorgestellt&#8220; &#8211; B\u00fcrgeraktion Korber H\u00f6he e. V.\" data-secret=\"Otcapzbh9L\" frameborder=\"0\" marginwidth=\"0\" marginheight=\"0\" scrolling=\"no\" class=\"wp-embedded-content\"><\/iframe><script type=\"text\/javascript\">\n\/* <![CDATA[ *\/\n\/*! This file is auto-generated *\/\n!function(d,l){\"use strict\";l.querySelector&&d.addEventListener&&\"undefined\"!=typeof URL&&(d.wp=d.wp||{},d.wp.receiveEmbedMessage||(d.wp.receiveEmbedMessage=function(e){var t=e.data;if((t||t.secret||t.message||t.value)&&!\/[^a-zA-Z0-9]\/.test(t.secret)){for(var s,r,n,a=l.querySelectorAll('iframe[data-secret=\"'+t.secret+'\"]'),o=l.querySelectorAll('blockquote[data-secret=\"'+t.secret+'\"]'),c=new RegExp(\"^https?:$\",\"i\"),i=0;i<o.length;i++)o[i].style.display=\"none\";for(i=0;i<a.length;i++)s=a[i],e.source===s.contentWindow&&(s.removeAttribute(\"style\"),\"height\"===t.message?(1e3<(r=parseInt(t.value,10))?r=1e3:~~r<200&&(r=200),s.height=r):\"link\"===t.message&&(r=new URL(s.getAttribute(\"src\")),n=new URL(t.value),c.test(n.protocol))&&n.host===r.host&&l.activeElement===s&&(d.top.location.href=t.value))}},d.addEventListener(\"message\",d.wp.receiveEmbedMessage,!1),l.addEventListener(\"DOMContentLoaded\",function(){for(var e,t,s=l.querySelectorAll(\"iframe.wp-embedded-content\"),r=0;r<s.length;r++)(t=(e=s[r]).getAttribute(\"data-secret\"))||(t=Math.random().toString(36).substring(2,12),e.src+=\"#?secret=\"+t,e.setAttribute(\"data-secret\",t)),e.contentWindow.postMessage({message:\"ready\",secret:t},\"*\")},!1)))}(window,document);\n\/\/# sourceURL=https:\/\/bakh.de\/wdp\/wp-includes\/js\/wp-embed.min.js\n\/* ]]> *\/\n<\/script>\n","description":"\u00dcber 60 Interessierte waren am 1. Juni in den Korber-H\u00f6he-Treff zur Info-Veranstaltung zum geplanten Hochhaus auf der Korber H\u00f6he II gekommen. Baub\u00fcrgermeisterin Birgit Priebe informierte \u00fcber das Vorhaben und beantwortete die zahlreichen Fragen. Gro\u00dfe Begeisterung l\u00f6ste der geplante Bau bei den Besuchern nicht aus. Es gab aber auch keine grunds\u00e4tzliche Ablehnung des 18-st\u00f6ckigen gr\u00fcnen Turms, [&hellip;]","thumbnail_url":"http:\/\/bakh.de\/wdp\/wp-content\/uploads\/2016\/06\/k-IMG_5959.jpg"}

Bürgeraktion Korber Höhe e. V.

Hochhaus-Turm als neues Markenzeichen der Korber Höhe II vorgestellt - Bürgeraktion Korber Höhe e. V.

<blockquote class="wp-embedded-content" data-secret="Otcapzbh9L"><a href="https://bakh.de/wdp/gruener-daumen/">Hochhaus-Turm als neues Markenzeichen der Korber Höhe II vorgestellt</a></blockquote><iframe sandbox="allow-scripts" security="restricted" src="https://bakh.de/wdp/gruener-daumen/embed/#?secret=Otcapzbh9L" width="600" height="338" title="&#8222;Hochhaus-Turm als neues Markenzeichen der Korber Höhe II vorgestellt&#8220; &#8211; Bürgeraktion Korber Höhe e. V." data-secret="Otcapzbh9L" frameborder="0" marginwidth="0" marginheight="0" scrolling="no" class="wp-embedded-content"></iframe><script type="text/javascript">
/* <![CDATA[ */
/*! This file is auto-generated */
!function(d,l){"use strict";l.querySelector&&d.addEventListener&&"undefined"!=typeof URL&&(d.wp=d.wp||{},d.wp.receiveEmbedMessage||(d.wp.receiveEmbedMessage=function(e){var t=e.data;if((t||t.secret||t.message||t.value)&&!/[^a-zA-Z0-9]/.test(t.secret)){for(var s,r,n,a=l.querySelectorAll('iframe[data-secret="'+t.secret+'"]'),o=l.querySelectorAll('blockquote[data-secret="'+t.secret+'"]'),c=new RegExp("^https?:$","i"),i=0;i<o.length;i++)o[i].style.display="none";for(i=0;i<a.length;i++)s=a[i],e.source===s.contentWindow&&(s.removeAttribute("style"),"height"===t.message?(1e3<(r=parseInt(t.value,10))?r=1e3:~~r<200&&(r=200),s.height=r):"link"===t.message&&(r=new URL(s.getAttribute("src")),n=new URL(t.value),c.test(n.protocol))&&n.host===r.host&&l.activeElement===s&&(d.top.location.href=t.value))}},d.addEventListener("message",d.wp.receiveEmbedMessage,!1),l.addEventListener("DOMContentLoaded",function(){for(var e,t,s=l.querySelectorAll("iframe.wp-embedded-content"),r=0;r<s.length;r++)(t=(e=s[r]).getAttribute("data-secret"))||(t=Math.random().toString(36).substring(2,12),e.src+="#?secret="+t,e.setAttribute("data-secret",t)),e.contentWindow.postMessage({message:"ready",secret:t},"*")},!1)))}(window,document);
//# sourceURL=https://bakh.de/wdp/wp-includes/js/wp-embed.min.js
/* ]]> */
</script>

Über 60 Interessierte waren am 1. Juni in den Korber-Höhe-Treff zur Info-Veranstaltung zum geplanten Hochhaus auf der Korber Höhe II gekommen. Baubürgermeisterin Birgit Priebe informierte über das Vorhaben und beantwortete die zahlreichen Fragen. Große Begeisterung löste der geplante Bau bei den Besuchern nicht aus. Es gab aber auch keine grundsätzliche Ablehnung des 18-stöckigen grünen Turms, [&hellip;]
